tors of m.
2, 3, 23
Suppose -46 = -10*s + 144. Suppose s*j - 5*j - 3850 = 0. What are the prime factors of j?
5, 11
Let r = -39 - -41. Suppose 5*t = 2*v + r - 3, -2*v - 2*t + 8 = 0. Suppose -2*z = -h + 8, -3*z = -2*z + v. List the prime factors of h.
2
Suppose -4123311 - 362963 = -338*i. What are the prime factors of i?
13, 1021
Let h(d) = 12*d**2 - 5*d - 89. Let b(t) = 11*t**2 - 6*t - 89. Let g(r) = 6*b(r) - 5*h(r). List the prime factors of g(-8).
383
Let i = 297 - 294. Suppose -x + 106 = -4*t, -4*x - i*t = t - 464. List the prime factors of x.
2, 3, 19
Let y = -56388 - -82398. What are the prime factors of y?
2, 3, 5, 17
Let m be 18/(10 - 7) - 4. Let x = 1 - 1. Suppose x = f - m - 66. What are the prime factors of f?
2, 17
Suppose 3*l - 7 = 3*z + 23, 5*z = 5. Suppose 8*i = -l*i + 8284. What are the prime factors of i?
2, 109
Suppose 0 = -5*y + 5*v + 25, -3*y - 5*v + 0*v = -15. Suppose -18*s - y*d = -19*s + 68, 0 = -5*s - 5*d + 370. What are the prime factors of s?
73
Suppose -14*l - 315472 = -34*l + 338268. List the prime factors of l.
32687
What are the prime factors of (-50*(-32)/120)/(6/3753)?
2, 3, 5, 139
Let g = 87 + -91. List the prime factors of (8/4)/(g/(-326)).
163
Let t = 15527 + -8719. List the prime factors of t.
2, 23, 37
Suppose 63 = 14*o - 91. What are the prime factors of -6 + o/((-33)/(-96))?
2, 13
Let a be (-1 - 0)/(-1) + (-80 - -151). Suppose -a*z + 46*z = -20514. List the prime factors of z.
3, 263
Suppose 6*v - v - x = 2, -3*x = v + 6. Let q(m) = -m**2 - 2*m + 4. Let s be q(v). Suppose w = -1, 5*w = s*t - 406 + 113. List the prime factors of t.
2, 3
Let w = -2237 - -4682. Suppose 0 = -0*f - f - 5, -w = -5*t + 5*f. What are the prime factors of t?
2, 11
Suppose 8 = -46*m + 50*m. Suppose 0 = -m*o + 3*t - t + 1288, -4*t = 4*o - 2536. What are the prime factors of ((-9)/(-27))/(1/o)?
3, 71
Suppose v + 8 = 3, 0 = -2*d + 2*v + 18. Suppose -10 = t - d. List the prime factors of (-2)/(18/69)*t.
2, 23
Let o(c) = 1010*c**2 + 88*c + 179. List the prime factors of o(-2).
13, 311
Suppose 86*o = 93*o - 7077. Let i = o + -689. What are the prime factors of i?
2, 7, 23
Let j(y) = 1298*y - 444. List the prime factors of j(2).
2, 269
Let v(s) = -s**3 + 15*s**2 - s. Let b be v(16). Let d be 2/(-14) + b/56. Let l(n) = -12*n + 9. List the prime factors of l(d).
3, 23
Suppose -5*j + 6*j - 1717 = -3*b, b - 577 = -5*j. Let i = b - 893. Let z = i + 482. What are the prime factors of z?
7, 23
Let v = -404 + 682. Suppose 9*b + 5445 = 15525. Suppose -3*r = -5*t + b, t - 2*r + 47 - v = 0. What are the prime factors of t?
13, 17
Let n(z) = 99*z**2 - 8*z - 12. What are the prime factors of n(-3)?
3, 7, 43
Suppose -2*k + 131 = 5*u, 3*k + 4*u - 219 + 26 = 0. Let b be (2/4*k)/(6/8). Suppose 0 = -2*d + 5*i + b, -5*i = 4*d - 2*i - 32. List the prime factors of d.
11
Suppose -4*h = -8*h + 4*j - 164, 2*h + 78 = -2*j. Let x(k) = -k**2 + 21*k + 13. Let b be x(18). Let p = b + h. What are the prime factors of p?
3
Let a(i) = 266*i**3 - i**2 - 13*i - 51. List the prime factors of a(4).
3, 5, 7, 23
Let o = -73 - -91. Let j be ((-136)/(-24) - 3)*o/(-8). Let k(y) = 3*y**2 - 12. What are the prime factors of k(j)?
2, 3
Let r(z) = 93*z**2 + 25*z - 63. Let n be r(3). Let c = n - 493. List the prime factors of c.
2, 89
Suppose -5*m + 5*g + 7773 - 248 = 0, -3*m + 4536 = 4*g. List the prime factors of m.
2, 13, 29
Suppose -15 = -85*a + 82*a. Suppose -y + 0*y - 18 = 5*q, 4*y = -a*q - 12. Suppose -140 = -y*b + 114. List the prime factors of b.
127
Suppose 17 - 26 = -3*v. Let s be (3 - v/2 - 2)*4. List the prime factors of s - 27/(-6)*64/3.
2, 47
Suppose 5*f - w - 59 = 0, 3*f - 28 - 4 = 4*w. Let d be (1/(-3))/(6 - 7)*f. What are the prime factors of (-4 - -5 - (-49)/d)*12?
3, 53
Suppose 874 = 8*k - 1278. Let y = 1846 - k. List the prime factors of y.
19, 83
Suppose 0 = 3*z + 5*a + 10 - 25, z + 4*a - 5 = 0. Suppose z*q = 6 - 616. Let y = 211 + q. List the prime factors of y.
89
Suppose 0 = 173*t - 118*t - 44165. List the prime factors of t.
11, 73
Let m be 8/(-28) + (9/7 - -2). Suppose 0 = -3*v - 4*h + 707 + 953, 0 = 4*v + m*h - 2218. What are the prime factors of v?
2, 139
Let j be (((-1665)/6)/(-5))/((-1)/2). List the prime factors of (j/(-5)*2)/((-6)/(-20)).
2, 37
Let k(g) = 309*g**2 - 29*g + 143. List the prime factors of k(5).
7723
Let x(q) = -q + 4. Let z be x(4). Suppose p = c + 2, -20*c + 40 = -19*c + 5*p. Suppose z = c*l + 108 - 1348. List the prime factors of l.
2, 31
Let n = 339 + 511. Let q = 2105 - n. List the prime factors of q.
5, 251
Let n(p) = p**2 + 15*p + 23. Let a be n(-14). List the prime factors of 2/(-8) + (9384/32 - a).
2, 71
List the prime factors of (1 + -19167)*((-14)/5 + (-28)/140).
2, 3, 7, 37
Suppose 0 = -a + 3. Let c = -277 + 275. List the prime factors of 4 + (-2 - c) + a.
7
Let b = 29 + 5. Let s = -31 + b. Suppose -s*y + 15 = 0, 3*l + 3*y + 48 = 4*l. List the prime factors of l.
3, 7
Let a be (2 - 24/18) + (-2)/(-6). Let j be ((-1 - -1 - 1)*2)/a. What are the prime factors of j/17 + 2860/34?
2, 3, 7
Let t = -50 + 57. List the prime factors of (-2 + t)*(-1964)/(-20).
491
Suppose -5*a + 112*b + 20744 = 108*b, 0 = -b - 6. What are the prime factors of a?
2, 7, 37
Suppose -4*g - 43 = -v, 10*g + 3*v = 12*g + 29. List the prime factors of (932/12)/(g/(-120)).
2, 233
Suppose 1542070 = 207*h - 12094676. List the prime factors of h.
2, 32939
Suppose 2*n + 1093*g - 1095*g = 3360, 0 = 5*n + 4*g - 8355. List the prime factors of n.
5, 67
Let q(u) be the second derivative of 571*u**5/20 + u**4/12 - u**3/2 + u**2 + 7*u. Let h be q(1). Suppose 7*t = h + 199. List the prime factors of t.
2, 5, 11
What are the prime factors of 1/(5/88158) - 40/(-100)?
2, 19, 29
Let l(o) = -o**3 + 11*o**2 - 3*o - 22. Let f(d) = d**2 + 20*d + 71. Let w = -166 + 150. Let k be f(w). List the prime factors of l(k).
3, 17
Let s = -15670 + 25588. List the prime factors of s.
2, 3, 19, 29
Suppose -2*c - 8 = -0*c. Let j(r) = 18*r - 3. Let t be j(c). Let q = 101 + t. List the prime factors of q.
2, 13
Let p(q) = 112*q**2 - 173*q - 721. List the prime factors of p(-4).
41, 43
Let x = 9842 + -4799. What are the prime factors of x?
3, 41
Suppose -u + 169 = -4*y, -155 = -u + 5*y - 8*y. Let h = 218 - u. List the prime factors of h.
3, 19
Let i = -224 + 86. Let q = -105 - i. Suppose q*n - 28*n = 1000. What are the prime factors of n?
2, 5
Suppose -4*h - h = 5*l - 165125, 66032 = 2*l - 4*h. What are the prime factors of l?
2, 11, 19, 79
Let v = 5005 + -3511. Let p = -357 + v. List the prime factors of p.
3, 379
Let h be ((-12)/(-9))/((-8)/(-7524)). Suppose -48*a + 4*q + h = -46*a, -3*a + 1883 = -4*q. List the prime factors of a.
17, 37
Suppose 23*p - 32532 = 21*p + 2*n, n + 1 = 0. What are the prime factors of p?
5, 3253
Suppose 3*a - 15950 = -5222. Suppose 0 = 60*l - 64*l + a. What are the prime factors of l?
2, 3, 149
Suppose 44*q + 25*q + 6*q = 3299925. List the prime factors of q.
23, 1913
Suppose -f + 9*u = 4*u + 10, 4*f - u + 2 = 0. Let v(q) = 8 + 1 - 4 - 2*q + 3. List the prime factors of v(f).
2
Let z be 1/(7/(-280)*-8). Suppose -315 = -2*r - c, r - c = z*r - 631. What are the prime factors of r?
2, 79
Suppose 16 = -x + 3*x - 2*m, 6 = -3*m. Suppose -x*s + 3*s = 1554. List the prime factors of ((-7)/(-5) - 1) + s/(-5).
2, 13
Let a = -28 + 28. Let w = a - -1. List the prime factors of w/(1/4 - 276/1168).
73
What are the prime factors of (47320/21)/(-13)*-12*(-164)/(-40)?
2, 13, 41
Let o be (6/(-6)*2)/((-2)/(-7)). List the prime factors of ((-4)/o)/(2/1561).
2, 223
Let t = -17907 + 27186. What are the prime factors of t?
3, 1031
Suppose 3*m + 0*i + i - 5 = 0, -2*i + 2 = 2*m. Let c(l) = 6 - 9*l - 2*l - l**m + 33 + 3*l. List the prime factors of c(-9).
2, 3, 5
Suppose -11*b + 970 - 211 = 0. List the prime factors of b.
3, 23
What are the prime factors of (-18)/(-15)*-1 + (-5892960)/(-300)?
2, 7, 23, 61
Suppose -4*r = 5*g + 30, 5*r - 4*g + 4 = -54. List the prime factors of r/(-105) - (-146839)/147.
3, 37
Let z be 0/21 + 2 + 3 + -2. List the prime factors of (z + (-104)/6)/((-5)/195).
13, 43
Suppose -1500393 = -5*c - 107*c + 547191. What are the prime factors of c?
2, 3, 11, 277
Suppose -220 = -18*h + 29*h. What are the prime factors of (118 + 8)/(-2 - 44/h)?
2, 3, 5, 7
Suppose 4*d + 